11101100111?
-10111001100
In base 16, what is -5 + 1a76?
1a71
In base 3, what is -121101001121 + -2?
-121101001200
In base 8, what is 5400 - 5?
5373
In base 6, what is 332233 - -122?
332355
In base 11, what is -170 + -18736?
-188a6
In base 2, what is -10001100 + -101010110?
-111100010
In base 14, what is -24191c + 6?
-241916
In base 4, what is 10 - -3023033?
3023103
In base 2, what is 11111 + 1001111100100000?
1001111100111111
In base 16, what is 1772 + 7b?
17ed
In base 4, what is -11022300 + 303?
-11021331
In base 2, what is 1001 - 101110010100?
-101110001011
In base 3, what is -11120112012 + -10?
-11120112022
In base 7, what is -5 + -23635?
-23643
In base 13, what is -3 + -8442?
-8445
In base 3, what is -122 - -22210?
22011
In base 3, what is -12022 + -10121?
-22220
In base 6, what is 1 + 414540?
414541
In base 11, what is 8446 + 38?
8483
In base 10, what is 3 + -1015836?
-1015833
In base 13, what is 76451 + 7?
76458
In base 3, what is 2111100100 + -10?
2111100020
In base 3, what is -1122 + 112112?
110220
In base 10, what is 385479 - -1?
385480
In base 5, what is 10430240 - 121?
10430114
In base 7, what is 1212112 - -25?
1212140
In base 3, what is 10002202010 - 2?
10002202001
In base 3, what is -1100112202 - 1?
-1100112210
In base 12, what is -1 - 137182?
-137183
In base 5, what is -111443422 - -3?
-111443414
In base 12, what is -58030 + 40?
-57bb0
In base 5, what is 220141 - -33?
220224
In base 7, what is -100 + -265?
-365
In base 16, what is -40844 - -4?
-40840
In base 6, what is 2134 + 444?
3022
In base 15, what is 2e2 + -d?
2d4
In base 16, what is -40 + 176?
136
In base 5, what is -14 - -1113103?
1113034
In base 5, what is -113 - 23003?
-23121
In base 7, what is 15 + -5053400?
-5053352
In base 9, what is 28877 - -147?
30135
In base 15, what is -19cda - 0?
-19cda
In base 3, what is 11112100122 - 0?
11112100122
In base 2, what is -101001000110101 + -11?
-101001000111000
In base 11, what is 5 - -8732?
8737
In base 2, what is 0 + -101100000111100100?
-101100000111100100
In base 15, what is -1 - -1c5ee9?
1c5ee8
In base 7, what is 11034 + 522?
11556
In base 9, what is -3 - -23701?
23687
In base 6, what is 4 + 203505?
203513
In base 7, what is -5 - -1421140?
1421132
In base 9, what is -3 - -18014?
18011
In base 4, what is 1 - -1000010210?
1000010211
In base 2, what is 10 + 1001100010101011110?
1001100010101100000
In base 3, what is 2001002202102 - -11?
2001002202120
In base 12, what is 102915 - -16?
10292b
In base 4, what is 10000212 - 231?
3333321
In base 15, what is 5 - -7985?
798a
In base 12, what is -362 + 3?
-35b
In base 16, what is 29 - 243?
-21a
In base 2, what is -1 + -10100000001100100?
-10100000001100101
In base 9, what is -54 + 2266?
2212
In base 15, what is 141a - -d?
1428
In base 12, what is -5 + 14552a?
145525
In base 16, what is 2062 + 5a?
20bc
In base 8, what is 1 - -3201?
3202
In base 16, what is 158a4 - 2?
158a2
In base 5, what is -1 + -103433100?
-103433101
In base 14, what is -d517a + 6?
-d5174
In base 4, what is 21 - -32031?
32112
In base 11, what is 1 + 6797?
6798
In base 11, what is -a24 - -4?
-a20
In base 12, what is -1162 + 825?
-539
In base 13, what is -330c - -36?
-32a6
In base 12, what is 16247 + 6?
16251
In base 11, what is -26 + 2759?
2733
In base 8, what is -35 - -7160?
7123
In base 8, what is -2320 + -2?
-2322
In base 10, what is -5 - -21518?
21513
In base 11, what is -4 - -310?
307
In base 3, what is 12 + -2011220?
-2011201
In base 2, what is 10010 - -111011011010?
111011101100
In base 7, what is 4601260 + 0?
4601260
In base 9, what is 5 + 25581?
25586
In base 13, what is 0 + 11357?
11357
In base 9, what is 1 - 63467?
-63466
In base 3, what is 10120112 + 210?
10121022
In base 11, what is -342 + -78?
-40a
In base 13, what is 426 - 3cb?
28
In base 12, what is 67 + -517?
-470
In base 12, what is 1629 + 4?
1631
In base 11, what is 49 - 729?
-690
In base 2, what is -100000101110 - 111111?
-100001101101
In base 10, what is -1923 - 786?
-2709
In base 7, what is -14 + -16465?
-16512
In base 6, what is -23103 - -2140?
-20523
In base 9, what is -231630 + -16?
-231646
In base 5, what is 132301 + 444?
133300
In base 9, what is -3571 + 5?
-3565
In base 9, what is -260 - -34807?
34537
In base 4, what is 132 - 2330333?
-2330201
In base 12, what is -295 - 511?
-7a6
In base 7, what is 1203424 - 4?
1203420
In base 2, what is 11010011010111 - -1010100?
11010100101011
In base 3, what is 21201001211 - -10?
21201001221
In base 10, what is 1 - 12050?
-12049
In base 12, what is 2 + -102b17?
-102b15
In base 15, what is -4 - 1e324?
-1e328
In base 15, what is 0 - 2154?
-2154
In base 4, what is -21122 + 112?
-21010
In base 5, what is 11 - -21111?
21122
In base 11, what is 9113a6 + -1?
9113a5
In base 4, what is -1001212 + -213?
-1002031
In base 6, what is -1343 - 15022?
-20405
In base 4, what is -123 - 1033303?
-1100032
In base 10, what is -984 + 470?
-514
In base 15, what is b3 + adb?
b9e
In base 5, what is -20130 + 2?
-20123
In base 9, what is -658514 - 1?
-658515
In base 7, what is -212 - 364?
-606
In base 15, what is 45b4 + 5a?
461e
In base 16, what is -1d0b + -8?
-1d13
In base 16, what is -50 - -678d?
673d
In base 5, what is 110110 + 304?
110414
In base 10, what is -11 + 10984?
10973
In base 3, what is 221221 + -2221?
212000
In base 8, what is 3 + -132357?
-132354
In base 6, what is -3143042 + 3?
-3143035
In base 9, what is -41 + -665?
-716
In base 2, what is 11101 - -100000111111111?
100001000011100
In base 11, what is 57 + 1243?
129a
In base 6, what is -200 - 402054?
-402254
In base 12, what is -662492 + 4?
-66248a
In base 11, what is -139 - -a8?
-41
In base 10, what is 20 + -6858?
-6838
In base 16, what is -23 + 3b53?
3b30
In base 14, what is -7 - 378c?
-3795
In base 7, what is 3 - -56644?
56650
In base 8, what is -3406 + 301?
-3105
In base 5, what is -2 + 101334134?
101334132
In base 12, what is -30410 - -7?
-30405
In base 10, what is 79937 + 0?
79937
In base 4, what is -322321 + -12?
-322333
In base 8, what is 3667 - -11?
3700
In base 14, what is 72 + -51?
21
In base 10, what is 6617 + -8?
6609
In base 2, what is 1 - 1011111101011010?
-1011111101011001
In base 4, what is 1 + -200212021?
-200212020
In base 8, what is 152 + 1305?
1457
In base 8, what is 4 - 273464?
-273460
In base 7, what is -1234 - -13210?
11643
In base 12, what is -6ab95 - 4?
-6ab99
In base 4, what is 10 + 10113022?
10113032
In base 11, what is 26 + 780?
7a6
In base 7, what is 11063 - -21?
11114
In base 14, what is 2191 + -10a?
2085
In base 11, what is 0 - -10311?
10311
In base 3, what is -111 + 22220211?
22220100
In base 8, what is -416 - 252?
-670
In base 12, what is -146b + -26a?
-1719
In base 9, what is -426 - 412?
-838
In base 15, what is d9 - -13?
ec
In base 5, what is 122304423 + 0?
122304423
In base 9, what is 21442 + -2?
21440
In base 2, what is -1011 + 1100110101101?
1100110100010
In base 13, what is -a88 + 13?
-a75
In base 16, what is 55 - -25a?
2af
In base 8, what is 224364 - 26?
224336
In base 14, what is 39ca2c - 0?
39ca2c
In base 6, what is 42 + -14451?
-14405
In base 12, what is -4 + 5548?
5544
In base 4, what is -133122232 - -3?
-133122223
In base 4, what is 3032 - 2111?
321
In base 7, what is -42523 - -116?
-42404
In base 14, what is -40 + 1225?
11c5
In base 7, what is 16444 - 5?
16436
In base 4, what is 1102311 + 2320?
1111231
In base 13, what is 3 + 6120?
6123
In base 8, what is -52 - -2636?
2564
In base 8, what is 20 + -205073?
-205053
In base 15, what is -3690 - 5?
-3695
In base 13, what is -1 + -194c8?
-194c9
In base 11, what is -12999 + 59?
-12940
In base 14, what is d + 54b?
55a
In base 9, what is 28502 - -64?
28566
In base 14, what is -6 + 207a?
2074
In base 14, what is -40b80 + -2?
-40b82
In base 6, what is 20 - -4033105?
4033125
In base 7, what is 101542 - 1?
101541
In base 3, what is 1111101212 + 202?
1111102121
In base 10, what is 5459 + 94?
5553
In base 15, what is -9879 + -43?
-98bc
In base 15, what is -1 - 912c7?
-912c8
In base 12, what is 1 - -5b63?
5b64
In base 2, what is 1001 + -1100000010010111?
-1100000010001110
In base 15, what is 8c - -aa9?
b46
In base 11, what is -5 - 23?
-28
In base 12, what is -25826 + -5?
-2582b
In base 14, what is 11 - 817a?
-8169
In base 13, what is -24c2 + 0?
-24c2
In base 2, what is -1 + -110011